**5/10 + r**4/12 - 4*r**3/3 + 7*r**2 + 22. Let m(p) be the second derivative of b(p). Calculate m(6).
4
Let a(u) = -u**2 + 12*u**3 - 2590*u + u**3 + 1 + 2591*u. Let b = -4 + 3. Calculate a(b).
-14
Let q(j) = -2*j**2 - j + 1. Let y = -320 - -317. What is q(y)?
-14
Let n(h) be the second derivative of h**3/6 - 3*h**2/2 - h. Let y = 5135 - 5130. Give n(y).
2
Let d(b) = -2*b**2 + 5*b - 1. Let v = -30 - -21. Let x(j) = j - 17. Let a(m) = -5*m + 68. Let z(i) = v*x(i) - 2*a(i). Let s be z(-13). Determine d(s).
-13
Let u(h) = -h**3 - 3*h**2 - 2*h - 3. Let m be (-6)/(1 + 1) - -7. Let y be 32/(-10)*15/(-6). Suppose 8*p + y = m*p. Give u(p).
-3
Let i(s) = 3*s - 12 - 279*s**3 + 3*s**2 + 278*s**3 + 6*s**2. Determine i(9).
15
Let v(l) = l**3 - 7*l**2 - 25*l - 41. Let r be v(10). Let p(h) = 2*h. Determine p(r).
18
Let y(c) = 68*c - 33*c - 6*c**3 + 4*c**2 + 0*c**3 - 32*c + 7*c**3 + 6. Give y(-4).
-6
Let g = 36 - 29. Let a(d) = -2*d**2 - 19*d - 7. Let r(b) = b**2 + 10*b + 4. Let n(j) = g*r(j) + 4*a(j). Give n(-5).
5
Let g(a) = -3*a + 17. Let x be g(5). Let t(y) = -5 - y**3 + 6*y**2 + 7*y + 8*y**x - 8*y**2. Give t(7).
-5
Let u(o) = 55*o**2 - 3*o + 2. Let m(k) = -43*k**2 + 2*k - 2. Let w(x) = -5*m(x) - 4*u(x). Determine w(-2).
-22
Let c = -290 - -293. Let r(o) = o**2 - 5*o + 4. Calculate r(c).
-2
Suppose 0 = -n - o - 6 - 2, -2*n + o = 7. Let r(j) = -5*j - 24. Let s be r(n). Let g(b) = -7*b + 1. What is g(s)?
-6
Let z(y) = -y**3 - 2*y**2 + 3*y + 3. Suppose -4*r - 90 = -14*r. Suppose -3*b = -2*l + r, 2 = 2*l + 2*b + 18. Calculate z(l).
3
Let j(m) = -4*m - 23*m - 18*m. Determine j(1).
-45
Let l(d) = d**3 + 12*d**2 - d + 7. Let t be l(0). Let j(i) = -i**3 + 7*i**2 + 12. Determine j(t).
12
Let c(h) = 2*h + h**3 - 9*h + 839*h**2 - 7 - 838*h**2. What is c(-5)?
-72
Suppose -5*z = -200 + 75. Let y = 23 - z. Let v(h) = -3*h**2 - 3*h. What is v(y)?
-6
Let b(t) = -5*t**2 + 7*t + 4. Suppose 71*n - 28 = 114. Calculate b(n).
-2
Let g(p) = p**3 - 4*p**2 - 6*p - 7. Let n(s) = s**3 - 3*s**2 - 5*s - 7. Let m(u) = -4*g(u) + 5*n(u). What is m(0)?
-7
Suppose -t = 2*t - 3. Let c(v) = -4*v**3. Give c(t).
-4
Let c(l) = -20*l**2 - 23*l. Let w(r) = -7*r**2 - 8*r. Let n(j) = 6*c(j) - 17*w(j). What is n(3)?
-15
Let r(n) = -7*n**3 - 62*n**2 + 8*n - 6. Let q(p) = -p**3 - 9*p**2 + p - 1. Let l(u) = 15*q(u) - 2*r(u). Give l(-11).
8
Let r(h) be the first derivative of h**4/4 + 7*h**3/3 - 11*h**2/2 - 10*h - 5. Suppose -2*n = -o + 13, -7*n - 41 = -3*n + 3*o. Calculate r(n).
14
Let j be 3/((2 - 1)*-1). Let x(r) = r**2 + 33*r + 2. Let o be x(-33). Let y(i) = 17*i**o - 42*i**2 + 28*i**2 - 4 + i + 0. Determine y(j).
20
Let b(o) be the third derivative of -o**7/5040 - o**6/144 + 8*o**5/15 + 3*o**2. Let g(j) be the third derivative of b(j). What is g(-5)?
0
Let k(h) = 2*h - 2. Let f be k(-1). Let d(v) = v + 2. Let o(m) = 2*m + 5. Let j be (-106)/8 - 1/(-4). Let n(s) = j*d(s) + 6*o(s). Give n(f).
8
Suppose 4*d - 9*l - 8 = -12*l, 8 = 4*d - 5*l. Let s(z) = 4*z**2 - z - 3. Calculate s(d).
11
Let g(j) be the third derivative of 7*j**4/24 - 2*j**3/3 - 177*j**2. Determine g(1).
3
Let w(s) = -2*s - 237 + s + 229. Let i(u) = -7*u. Let b be i(1). Calculate w(b).
-1
Let w be 0 - (18/(-3))/2. Let j be (-15)/12 - (-3)/(36/w). Let b(l) = -2 + l + l**2 + 1 + 0. What is b(j)?
-1
Let k(x) = x**3 - 13*x**2 - x + 18. Let q be k(13). Let m(h) = -173*h - 2 + q + 174*h - 1. Calculate m(-5).
-3
Let s(j) = -19 + 0 + 25 - 4*j - 14. Calculate s(-8).
24
Let p(o) = o**2 - 2*o + 4. Suppose 4*t - 4*a + 6*a = -10, -2 = 2*a. Let l(z) = 2*z**2 - 5*z + 9. Let g(c) = t*l(c) + 5*p(c). Give g(-2).
6
Let i = 97 + -108. Let l(x) = x**3 + 12*x**2 + 10*x - 13. What is l(i)?
-2
Let z(r) = -2*r**2 - 3*r + 3. Let c(t) = -3*t**2 - 7*t + 6. Let n(p) = 3*c(p) - 5*z(p). Calculate n(5).
-2
Let r(p) be the second derivative of -p**4/12 - 29*p**3/6 + 25*p**2/2 - 353*p. What is r(-30)?
-5
Let a(m) be the first derivative of -m**3/3 - 9*m**2/2 - 13*m - 399. Determine a(-9).
-13
Let h(u) = -5*u**2 - 4*u - 11. Let p(l) = 9*l**2 + 7*l + 20. Let g(o) = -7*h(o) - 4*p(o). Determine g(-3).
-12
Suppose 5*z + 16 = 21. Let q(k) be the first derivative of -6*k - 2*k**2 + z - 1/3*k**3. Calculate q(-4).
-6
Suppose 0 = 2*u + 2*h - 26, 0 = -u + 5*h - 11. Let m = -1157 + 1151. Let v be ((-21)/u)/7*m. Let c(y) = -y**3 - 2*y + 3. Determine c(v).
-9
Let y(v) = v + 4. Suppose 0 = 4*x - 6*x. Let f = x + -7. Let i = f + 12. Determine y(i).
9
Let g(t) be the first derivative of -t**3/3 - 9*t**2/2 - 12*t + 734. Suppose n + 11 = -o, 0*o + 5*n - 17 = 4*o. What is g(o)?
-4
Let t(d) = 3*d**3 - 17*d + 11*d - 11*d**2 - 8*d**2 + 6 - 2*d**3 + 15*d**2. Determine t(5).
1
Let i(p) = -7*p**3 - 6*p**2 + 4*p - 3. Let d(j) = -2*j**3 + j - 2. Let k(b) = 3*d(b) - i(b). Calculate k(-6).
3
Let t(f) be the first derivative of 2*f**3/3 - f**2/2 + 2*f - 13. Suppose -6*j = -3*j - 15. Suppose 5*o - 4*y - 30 = y, -j*y - 12 = 4*o. What is t(o)?
8
Let c be (-4)/8*(-4 + 6). Let h be (1/2)/(c/(-12)). Let r(g) be the second derivative of -g**3/3 + 9*g**2/2 - g. Calculate r(h).
-3
Let l be 1/(-3)*-11 - 2/(-6). Let b(p) = 35*p - 17*p - 16*p - 5. Determine b(l).
3
Let y(g) = -4*g - 3. Let x = -463 - -458. Calculate y(x).
17
Suppose -4*o - 18 = 2*y, 3*y = -5*o - 14 - 15. Let g = 18 + y. Suppose j + 3*j = -4*f, -g*f - 10 = 0. Let n(r) = 2*r**3 - r**2 - 2*r + 2. Determine n(j).
10
Let n = 1 - 7. Let o(a) = 3*a - 1735 + 5216 - 1743 - 1740. What is o(n)?
-20
Let y(c) = c**3 - 16*c**2 - c + 13. Let z be 33/2 + (-113)/226. Give y(z).
-3
Let h = 47 - 51. Let f(n) = n - 2. Let d be f(h). Let a(t) be the first derivative of t**2/2 + 1. Give a(d).
-6
Suppose 5*u + 6 = -4. Let n(x) = -5*x + 7 - x**2 - 5 + 7*x - x. What is n(u)?
-4
Suppose -c = 5*y + 61, 0 = 4*y - y - c + 35. Let u = 8 + y. Let w(r) be the third derivative of -r**5/30 - r**4/4 - r**3/6 - 6*r**2. What is w(u)?
-9
Let t(v) be the third derivative of -v**7/840 - v**6/45 + v**5/60 + 3*v**4/8 + 23*v**3/6 - 9*v**2. Let a(x) be the first derivative of t(x). Calculate a(-8).
-7
Suppose -5*f + 13 = -m, -3*f - 4*m - 3 - 3 = 0. Suppose q - 6 = y, f*q + 5*y - 6 = 4*y. Let z(h) = 39*h + 3 - h**2 - 23*h - 14*h. Determine z(q).
-5
Let u(j) be the second derivative of -j**3/6 + 7*j**2 - 19*j. Give u(2).
12
Let n(g) = 2*g**2 - 9*g - 43. Let u(k) = -k**2 + 4*k + 22. Let i(o) = -2*n(o) - 5*u(o). Let t(q) be the first derivative of i(q). Give t(3).
4
Let g = 157 - 162. Let y(b) = -2*b - 1. Give y(g).
9
Let i(w) = -9*w**2 - w**3 + 15*w**2 + 2*w**3 - 5*w**2. What is i(1)?
2
Let i(l) = l**3 + 7*l**2 + 7*l + 2. Let a be i(-6). Let g(h) = -h - 1. Let j(c) = -c - 4 - 3*c + c**3 - 3 + 4*c**2. Let u(w) = -2*g(w) + j(w). What is u(a)?
3
Suppose 0 = -4*t + 8 + 28. Let q(p) = -p**3 + 8*p**2 + 10*p - 4. Let u be q(t). Let k(w) = w - 7. Give k(u).
-2
Let q be ((3 - 3) + -2)*4. Let y = q - -9. Let t(f) = 6*f**2 + f + 3. Let r(a) = -17*a**2 - 3*a - 8. Let j(c) = 3*r(c) + 8*t(c). Determine j(y).
-4
Let m(q) = 2*q**3 + 4*q**2 + 4*q + 3. Let z(r) = 138*r**3 - 137*r**3 + r**2 + 7*r**2 + 7 - 8*r. Let n be z(-9). Determine m(n).
-5
Let k(d) = d**2 - 20*d - 26*d + 38 + 122*d - 30*d - 34*d. What is k(-7)?
3
Let t(f) = -5 - 3*f + f**3 - 2*f - 4*f**2 + 6*f. Determine t(4).
-1
Let m be -2*((-55)/15)/(16/(-24)). Let y(a) = -a**3 - 11*a**2 - 4*a - 37. Give y(m).
7
Let d(i) = -2*i**3 - i**2 - 8*i + 31. Let c(f) = f**2 + f - 7. Let l(b) = 4*c(b) + d(b). What is l(2)?
-9
Let p(f) = -f**3 - 4*f**2 + f + 1. Let s(w) = 2*w**3 + 3*w**2. Let v(i) = 3*p(i) + 2*s(i). Give v(4).
-17
Let l(h) = -h**2 - 14*h - 10. Let r(s) = s. Let a(f) = l(f) + 4*r(f). Let n be a(-8). Let v(o) = o**2 - 8*o + 6. Calculate v(n).
-6
Suppose 5*r + 3 + 3 = -2*o, 4*o + 4*r = 0. Let k(g) = -9*g**2 + g**o + 5*g**2 + 4*g + 4 + 2*g**2. Let v = -8 - -14. Calculate k(v).
-8
Let t(u) = -280 + 30*u**2 - 31*u**2 - 22*u + 245. Give t(-21).
-14
Let q(v) be the third derivative of 1/6*v**3 - 9*v**2 + 7/120*v**6 + 0 + 0*v**4 - 1/30*v**5 + 0*v. Determine q(1).
6
Let u(n) = -n**2 + 5*n**2 + 40311*n - 40311*n. Determine u(-1).
4
Let m(o) be the first derivative of -o**4/4 - 11*o**3/3 - o**2/2 - 15*o + 126. Calculate m(-11).
-4
Let s(d) = -d**3 + 2*d**2 + 7*d + 5. Let m(h) = -3*h**3 + 5*h**2 + 22*h + 16. Let x be 1*-2*13 - -4. Let b = 15 + x. Let v(w